*b + 0*b. What is l(0)?
21
Let n(w) = -9*w**2. Let k = 240 - 239. Calculate n(k).
-9
Let j(w) = -w + 1. Suppose 17 - 8 = 9*v. Determine j(v).
0
Let q(z) = 35*z + 38*z - 10 + 42*z - 114*z. Give q(4).
-6
Suppose -6*m - 46 = -58. Let r(x) = 60*x**2 - 11 - 71*x**m - 4 - 12*x + 2 - x**3. Give r(-10).
7
Let q(o) be the first derivative of -o**2 - 4*o + 129. Let a = -8 + 11. Suppose -6 + a = h. Calculate q(h).
2
Let j(k) be the second derivative of k**5/20 - 5*k**4/12 + 5*k**2/2 - 7*k + 8. What is j(4)?
-11
Let c(r) = -r**3 - r**2. Let w(x) = 5*x**3 + 5*x**2. Let t(g) = -11*c(g) - 2*w(g). Suppose -3*z - z = -n - 20, 0 = 4*n + 4*z - 20. What is t(n)?
0
Let s(h) = h**3 - 7*h**2 - 7*h + 5. Suppose 40*o - 39*o - 8 = 0. What is s(o)?
13
Let h(o) be the third derivative of o**9/60480 + o**8/4032 + o**7/2520 - o**6/180 + o**5/30 - 28*o**2. Let d(l) be the third derivative of h(l). Give d(-3).
8
Let o(v) = -5*v**2 + 10*v + 16. Let f(u) = 2*u**2 - 5*u - 8. Let l(a) = 7*f(a) + 3*o(a). Suppose 2*r + 19 = 7. Calculate l(r).
-14
Let m(a) be the first derivative of -7*a**3/3 - 3*a**2/2 + 6*a - 270. What is m(2)?
-28
Let y = 142 - 142. Let v(t) = t - 1. Give v(y).
-1
Let r(y) = -7*y + 53. Suppose o + 11 = d, 5*o + 12 = -13. Determine r(d).
11
Let k(l) = -l**3 + l**2 - 23*l + 82. Let m be k(3). Let g(z) = -z**3 - 5*z**2 - z - 8. Determine g(m).
-3
Let f be 32/400*5/48. Let q(c) be the third derivative of 1/24*c**4 - f*c**6 + 4*c**2 - 1/15*c**5 + 0*c + 0 + 1/3*c**3. Calculate q(-4).
-2
Let w(h) = -h**3 + 3*h**2 + 2*h + 2. Let l = 8 - 5. Let u = -1 + l. Suppose f = -u*f + 9. Determine w(f).
8
Let t(q) = q + 1. Let o(v) = -v - 2. Let c = 11 - 15. Let h(r) = c*o(r) - 5*t(r). Determine h(-8).
11
Suppose -11*o + 15*o - 12 = 0. Let c(w) = 112*w - 112*w + w**o + 11*w**3. Determine c(-1).
-12
Let f(s) be the third derivative of -1/6*s**3 + 12*s**2 + 0*s - 1/6*s**4 + 0. Calculate f(-2).
7
Let s(x) = -x**3 + 3*x**2 - 4. Let z be (10/6)/((-8)/(-24)). Let d = -4 + 9. Suppose z*a - 4*a - d*r = -17, 0 = -2*a + r + 2. Determine s(a).
-4
Let u(k) = 2*k**2 - 12*k - 16. Let t(b) = -b**2 + 6*b + 8. Let w be -4 + (-3 - -13) - 2. Let a(c) = w*u(c) + 9*t(c). Calculate a(6).
8
Let o be 3 + 3 + (-18)/3. Let p(n) = -4 - 1 + n - 2 + o. Suppose 0 = -5*d - 3*q + 15, 2*q + 3*q = 5*d + 25. Calculate p(d).
-7
Let h(o) be the second derivative of -o**3/6 - 3*o**2 - 15*o + 4. Give h(-12).
6
Let z(w) be the second derivative of w**3/2 + 15*w**2/2 + 3*w - 13. Determine z(-6).
-3
Let b(l) be the third derivative of l**5/60 + 5*l**4/24 - 5*l**3/6 + 44*l**2 + 25. Suppose 0*u + 24 = -4*u. Give b(u).
1
Let k(w) = w + 12. Suppose 302*t - 295*t + 28 = 0. Calculate k(t).
8
Let j(z) = -3 - 26*z - 23*z**2 + 49*z + 15*z**2 + 4 - 25*z + z**3. Determine j(8).
-15
Let n(l) = l + 4. Let a(w) = -w**3 - 24*w**2 + 31*w + 142. Let t be a(-25). Give n(t).
-4
Let r(u) = 2*u + 21. Suppose 5*w - 15 = 0, -29 = -20*v + 22*v - 5*w. What is r(v)?
7
Suppose 2*n + 5*j = 3, -2 = -5*n - j - 6. Let o be (7/(28/(-24)))/n. Let x(r) = 14 - 2*r - o*r**3 - 10 - 5 - r**2. Calculate x(-1).
6
Let w be (1 + 0)/((-9)/(-63)). Let m(k) = -3 - w - 2*k + 8 + 0*k. Give m(2).
-6
Let b(p) = 3*p**2 - 3*p - 5. Let d(s) = -s**3 - 5*s**2 + 5*s + 9. Let f = -28 - -32. Let n(u) = f*d(u) + 7*b(u). Determine n(1).
-3
Let w(d) = -4 - 2*d + d - d + 3*d - 1. What is w(4)?
-1
Let y(l) = l**2 + l + 1. Let g(v) = -6*v**2 + 2. Suppose 0 + 35 = -7*d. Suppose 3*u + 2 = u. Let r(m) = d*y(m) + u*g(m). Calculate r(6).
-1
Let x(r) be the third derivative of r**5/60 - 11*r**4/24 - r**3/2 - 4*r**2 - 10*r. What is x(12)?
9
Let x(s) = 2*s + 21. Let h(p) = p + 10. Let v(a) = 13*h(a) - 6*x(a). Let g(c) = -2244*c + 6730. Let b be g(3). Determine v(b).
2
Let t(s) be the second derivative of s**3/6 - 5*s**2/2 - 81*s + 2. Give t(5).
0
Let p be 11/11 + 1*2. Let t(a) = -a**3 - 9*a**2 - 9*a - 6. Let b be t(-8). Let s(z) = 6*z - 1 - 4*z - 5*z - z**3 + 3*z**b. Determine s(p).
-10
Let m(t) = -t**3 + 5*t**2 + 3*t. Let v(j) = 3*j**3 - 15*j**2 - 8*j - 1. Let c(y) = -8*m(y) - 3*v(y). Suppose -90*g - 95 = -109*g. Give c(g).
3
Suppose -2*m - 10*u + 13*u + 16 = 0, u = -5*m + 23. Let c(i) be the first derivative of 2*i + 2*i**2 + m + 1/3*i**3. Give c(-2).
-2
Let i(t) = -4*t**2 - 9*t - 9. Let y be i(-1). Let f(a) = a**2 + a - 5. Calculate f(y).
7
Let l be -5 + 80/12 + 1/3. Let y(n) be the third derivative of 0*n + 1/6*n**3 + 4*n**l + 0 + 7/24*n**4. Determine y(1).
8
Suppose 5*j - 21 = 2*j. Suppose j*g = 4*g. Suppose 4*v = 4*h - 4, g = 5*v + 4*h - 2*h + 33. Let m(x) = x**3 + 4*x**2 - 7*x - 6. What is m(v)?
4
Let z(d) = -4 - 202*d + 55*d + 44*d + 50*d + 54*d. What is z(-5)?
-9
Let s(i) = -13 - 5 - 110*i**3 + 60*i**3 + 51*i**3. Determine s(0).
-18
Let u(y) = y**3 - 5*y**2 + 3*y + 1. Suppose v - 668 = -5*h + 2*v, -3*h - 2*v + 406 = 0. Let s be h/12 - (-18)/(-108). Let i = -7 + s. What is u(i)?
-3
Let w(m) = -14*m + 7. Let u(z) = -6*z + 103 - 51 - 49. Let t(p) = -5*u(p) + 2*w(p). Determine t(3).
5
Let b(m) = 2*m**2 - 9*m + 10. Let f be b(5). Let i(d) = -d**2 + 15*d - 10. Determine i(f).
-10
Let f(h) = -4*h**2 + 5*h**2 + 3*h**2 - 7 - 5*h**2 - 7*h. Let a be f(-5). Let v(d) = 4*d**a - 3*d**3 + 6*d + 6*d**2 + 6 + 0. Give v(-5).
1
Let q(f) = -f**3 - f**2 + f - 1. Suppose 17*c = 20*c + 3. Let j(k) = -3*k**3 - 9*k**2 - k - 11. Let p(z) = c*j(z) + 4*q(z). Calculate p(6).
1
Let p be (-5 + 11)*11/(-6). Let n(b) = -b**2 - 11*b - 5. Give n(p).
-5
Let o(p) be the second derivative of -13*p - 1/6*p**3 - 1/20*p**5 + 0 + 11/12*p**4 + 15/2*p**2. What is o(11)?
4
Let l(s) = s**3 - s**2 + 2*s - 2. Let u be l(0). Let f = -4 + u. Let c(x) = -2*x - 8. Calculate c(f).
4
Let o(l) = -3 - 6*l - 4*l + 3 - l**2 + 13*l. Determine o(5).
-10
Let t(y) = -3*y + 1. Let w(s) = -s. Let a(z) = t(z) - 5*w(z). Suppose 15*v + 48 = -27. What is a(v)?
-9
Let w(z) = 9*z**2 + 6*z**2 - 2 - 14*z**2 - 7*z. Suppose 4*u = u. Suppose -k + 20 = 3*i, -2*k - 11 + 3 = u. Calculate w(i).
6
Let y(o) = 3*o - 2. Suppose -6*u + 7*u = 2. Suppose 0 = 5*i - 3*j + 23, -4*i + 0*j - u*j - 14 = 0. Determine y(i).
-14
Suppose -l = -3*l + 18. Suppose 4*k = -1 + l. Let c(n) = 3*n - 3 + 1 + k + 1. Give c(2).
7
Let d(y) be the second derivative of y**3/6 + 7*y**2/2 - 162*y. Calculate d(5).
12
Let c(q) = q**2 - 10*q + 4. Suppose -4*m - 40 = -4*v, 2 - 12 = -m - 3*v. Let j be (-54)/90 + (-43)/m. What is c(j)?
-12
Let y(f) = -7*f**3 - f**2. Let o be 1 - 5 - -1 - -6. Suppose h = -o*h - 12. Let c be 5*((-6)/10)/h. What is y(c)?
-8
Let f(w) = -w**3 - 4*w**2 + 8*w + 3. Suppose 5*u - u + 4 = 0. Let d be -12 - u/((-3)/(-9)). Let z = d + 4. Determine f(z).
-12
Let u(m) be the second derivative of -m**5/20 + 3*m**4/4 + 3*m**3/2 - 7*m**2/2 - 251*m. Calculate u(10).
-17
Let i(p) = 5*p + p**3 - 6 - 2*p + 6*p**2 + 0*p**3. Let r = -35 - -40. Suppose r*h + 45 = -4*d, -2*d - 6*h - 30 = -2*h. Give i(d).
4
Let q be ((-12)/6 - -10)*(-4)/(-4). Let m(j) = j**2 - 5*j - 18. What is m(q)?
6
Let i be 2*(-3)/(-3 - 0). Let g(j) = -j**2 - 2*j + 6. Let z(w) = -3*w**2 - 3*w + 13. Let s(t) = i*z(t) - 5*g(t). Determine s(5).
-9
Let l(z) = 23*z + 5. Let t(f) = -23*f - 4. Let g(a) = -3*l(a) - 4*t(a). Calculate g(-1).
-22
Suppose 2*h = -f + 12, 44 = 2*f + 5*h + 18. Let z(l) = l**3 - 7*l**2 - 8*l - 5. What is z(f)?
-5
Let s = -91 - -95. Suppose 0 = -2*t + s*k - 6, 5*t + 0*k - 3*k + 29 = 0. Let o(f) = -f**2 - 7*f + 1. Give o(t).
1
Let l(n) = -n**2 + 6. Let h(x) = -x**2 + x + 7. Let y(c) = 2*h(c) - 3*l(c). Let t = -104 - -104. Let a be y(t). Let o(r) = -r**3 - 4*r**2 + 2*r + 5. Give o(a).
-3
Let i(a) = -3*a**3 + 16*a**2 + 12*a + 2. Let n(y) = -y**3 + 5*y**2 + 4*y. Let w(z) = 2*i(z) - 7*n(z). Calculate w(3).
-8
Let r = 78 + -76. Let u(p) = p**2 - 3*p + 5. Calculate u(r).
3
Let r(g) = -8*g**2 + 24*g - 22*g - 9 + 9*g**2. Calculate r(0).
-9
Let u = 148 + -142. Let k(m) = -2*m**2 + 8*m + 1. What is k(u)?
-23
Suppose -351*l = -354*l. Let a(h) = -h - 21. Give a(l).
-21
Let y = 12835/12 + -1069. Let g(d) be the second derivative of 0*d**2 - 1/6*d**3 + 3*d + 0 - y*d**4. Calculate g(1).
-8
Let x(c) = -10124*c**3 - 10 + 10123*c**3 + 3*c + 10. Give x(-4).
52
Let a(v) = -v**2 + v + 1. Suppose 15*w + 9 = 54. Determine a(w).
-5
Let v(a) be the third derivative of a**4/24 - 23*a**2. Let o = -9 + 13. What is v(o)?
4
Let 